{"id":304,"date":"2019-11-10T14:40:35","date_gmt":"2019-11-10T14:40:35","guid":{"rendered":"http:\/\/philipp-lemke.de\/?page_id=304"},"modified":"2023-09-04T21:00:52","modified_gmt":"2023-09-04T21:00:52","slug":"get_quote","status":"publish","type":"page","link":"https:\/\/philipp-lemke.de\/?page_id=304","title":{"rendered":"get_quote"},"content":{"rendered":"\t\t<div data-elementor-type=\"wp-page\" data-elementor-id=\"304\" class=\"elementor elementor-304\" data-elementor-post-type=\"page\">\n\t\t\t\t\t\t<section class=\"elementor-section elementor-top-section elementor-element elementor-element-63012f8 elementor-section-boxed elementor-section-height-default elementor-section-height-default\" data-id=\"63012f8\" data-element_type=\"section\">\n\t\t\t\t\t\t<div class=\"elementor-container elementor-column-gap-default\">\n\t\t\t\t\t<div class=\"elementor-column elementor-col-100 elementor-top-column elementor-element elementor-element-a600a16\" data-id=\"a600a16\" data-element_type=\"column\">\n\t\t\t<div class=\"elementor-widget-wrap\">\n\t\t\t\t\t\t\t<\/div>\n\t\t<\/div>\n\t\t\t\t\t<\/div>\n\t\t<\/section>\n\t\t\t\t<section class=\"elementor-section elementor-top-section elementor-element elementor-element-fcb6ae2 elementor-section-boxed elementor-section-height-default elementor-section-height-default\" data-id=\"fcb6ae2\" data-element_type=\"section\">\n\t\t\t\t\t\t<div class=\"elementor-container elementor-column-gap-default\">\n\t\t\t\t\t<div class=\"elementor-column elementor-col-100 elementor-top-column elementor-element elementor-element-6525a27\" data-id=\"6525a27\" data-element_type=\"column\">\n\t\t\t<div class=\"elementor-widget-wrap elementor-element-populated\">\n\t\t\t\t\t\t<div class=\"elementor-element elementor-element-720cc45 elementor-widget elementor-widget-text-editor\" data-id=\"720cc45\" data-element_type=\"widget\" data-widget_type=\"text-editor.default\">\n\t\t\t\t<div class=\"elementor-widget-container\">\n\t\t\t\t\t\t\t<p>Sie ben\u00f6tigten Unterst\u00fctzung f\u00fcr ein Projekt?<br>Kontaktieren Sie mich f\u00fcr ein konkretes Angebot:&nbsp;<\/p>\n<p><span style=\"color: var( --e-global-color-text ); font-family: var( --e-global-typography-text-font-family ), Sans-serif;\">E-Mail: pl@automation-monitoring.com<br>Tel.: +49 6588 \/ 939 0 121<br><\/span><\/p>\t\t\t\t\t\t<\/div>\n\t\t\t\t<\/div>\n\t\t\t\t\t<\/div>\n\t\t<\/div>\n\t\t\t\t\t<\/div>\n\t\t<\/section>\n\t\t\t\t<\/div>\n\t\t","protected":false},"excerpt":{"rendered":"<p>Sie ben\u00f6tigten Unterst\u00fctzung f\u00fcr ein Projekt?Kontaktieren Sie mich f\u00fcr ein konkretes Angebot:&nbsp; E-Mail: pl@automation-monitoring.comTel.: +49 6588 \/ 939 0 121<\/p>\n","protected":false},"author":1,"featured_media":0,"parent":206,"menu_order":0,"comment_status":"closed","ping_status":"closed","template":"elementor_header_footer","meta":{"footnotes":""},"class_list":["post-304","page","type-page","status-publish","hentry","wpbf-post"],"yoast_head":"<!-- This site is optimized with the Yoast SEO plugin v23.6 - https:\/\/yoast.com\/wordpress\/plugins\/seo\/ -->\n<title>get_quote - PL Automation Monitoring<\/title>\n<meta name=\"description\" content=\"Senior Consultant Checkmk &amp; Salt | SaltStack Trainings | SaltStack Schulungen\" \/>\n<meta name=\"robots\" content=\"index, follow, max-snippet:-1, max-image-preview:large, max-video-preview:-1\" \/>\n<link rel=\"canonical\" href=\"https:\/\/philipp-lemke.de\/?page_id=304\" \/>\n<meta property=\"og:locale\" content=\"en_US\" \/>\n<meta property=\"og:type\" content=\"article\" \/>\n<meta property=\"og:title\" content=\"get_quote - PL Automation Monitoring\" \/>\n<meta property=\"og:description\" content=\"Senior Consultant Checkmk &amp; Salt | SaltStack Trainings | SaltStack Schulungen\" \/>\n<meta property=\"og:url\" content=\"https:\/\/philipp-lemke.de\/?page_id=304\" \/>\n<meta property=\"og:site_name\" content=\"PL Automation Monitoring\" \/>\n<meta property=\"article:modified_time\" content=\"2023-09-04T21:00:52+00:00\" \/>\n<meta name=\"twitter:card\" content=\"summary_large_image\" \/>\n<meta name=\"twitter:label1\" content=\"Est. reading time\" \/>\n\t<meta name=\"twitter:data1\" content=\"1 minute\" \/>\n<script type=\"application\/ld+json\" class=\"yoast-schema-graph\">{\"@context\":\"https:\/\/schema.org\",\"@graph\":[{\"@type\":\"WebPage\",\"@id\":\"https:\/\/philipp-lemke.de\/?page_id=304\",\"url\":\"https:\/\/philipp-lemke.de\/?page_id=304\",\"name\":\"get_quote - PL Automation Monitoring\",\"isPartOf\":{\"@id\":\"https:\/\/philipp-lemke.de\/#website\"},\"datePublished\":\"2019-11-10T14:40:35+00:00\",\"dateModified\":\"2023-09-04T21:00:52+00:00\",\"description\":\"Senior Consultant Checkmk & Salt | SaltStack Trainings | SaltStack Schulungen\",\"breadcrumb\":{\"@id\":\"https:\/\/philipp-lemke.de\/?page_id=304#breadcrumb\"},\"inLanguage\":\"en-US\",\"potentialAction\":[{\"@type\":\"ReadAction\",\"target\":[\"https:\/\/philipp-lemke.de\/?page_id=304\"]}]},{\"@type\":\"BreadcrumbList\",\"@id\":\"https:\/\/philipp-lemke.de\/?page_id=304#breadcrumb\",\"itemListElement\":[{\"@type\":\"ListItem\",\"position\":1,\"name\":\"Home\",\"item\":\"https:\/\/philipp-lemke.de\/\"},{\"@type\":\"ListItem\",\"position\":2,\"name\":\"IT Beratung\",\"item\":\"https:\/\/philipp-lemke.de\/\"},{\"@type\":\"ListItem\",\"position\":3,\"name\":\"get_quote\"}]},{\"@type\":\"WebSite\",\"@id\":\"https:\/\/philipp-lemke.de\/#website\",\"url\":\"https:\/\/philipp-lemke.de\/\",\"name\":\"PL Automation Monitoring\",\"description\":\"Beratung checkmk saltstack robotmk robotframework\",\"publisher\":{\"@id\":\"https:\/\/philipp-lemke.de\/#organization\"},\"potentialAction\":[{\"@type\":\"SearchAction\",\"target\":{\"@type\":\"EntryPoint\",\"urlTemplate\":\"https:\/\/philipp-lemke.de\/?s={search_term_string}\"},\"query-input\":{\"@type\":\"PropertyValueSpecification\",\"valueRequired\":true,\"valueName\":\"search_term_string\"}}],\"inLanguage\":\"en-US\"},{\"@type\":\"Organization\",\"@id\":\"https:\/\/philipp-lemke.de\/#organization\",\"name\":\"PL Automation Monitoring\",\"url\":\"https:\/\/philipp-lemke.de\/\",\"logo\":{\"@type\":\"ImageObject\",\"inLanguage\":\"en-US\",\"@id\":\"https:\/\/philipp-lemke.de\/#\/schema\/logo\/image\/\",\"url\":\"https:\/\/philipp-lemke.de\/wp-content\/uploads\/2019\/11\/transparent_background_118.png\",\"contentUrl\":\"https:\/\/philipp-lemke.de\/wp-content\/uploads\/2019\/11\/transparent_background_118.png\",\"width\":886,\"height\":360,\"caption\":\"PL Automation Monitoring\"},\"image\":{\"@id\":\"https:\/\/philipp-lemke.de\/#\/schema\/logo\/image\/\"}}]}<\/script>\n<!-- \/ Yoast SEO plugin. -->","yoast_head_json":{"title":"get_quote - PL Automation Monitoring","description":"Senior Consultant Checkmk & Salt | SaltStack Trainings | SaltStack Schulungen","robots":{"index":"index","follow":"follow","max-snippet":"max-snippet:-1","max-image-preview":"max-image-preview:large","max-video-preview":"max-video-preview:-1"},"canonical":"https:\/\/philipp-lemke.de\/?page_id=304","og_locale":"en_US","og_type":"article","og_title":"get_quote - PL Automation Monitoring","og_description":"Senior Consultant Checkmk & Salt | SaltStack Trainings | SaltStack Schulungen","og_url":"https:\/\/philipp-lemke.de\/?page_id=304","og_site_name":"PL Automation Monitoring","article_modified_time":"2023-09-04T21:00:52+00:00","twitter_card":"summary_large_image","twitter_misc":{"Est. reading time":"1 minute"},"schema":{"@context":"https:\/\/schema.org","@graph":[{"@type":"WebPage","@id":"https:\/\/philipp-lemke.de\/?page_id=304","url":"https:\/\/philipp-lemke.de\/?page_id=304","name":"get_quote - PL Automation Monitoring","isPartOf":{"@id":"https:\/\/philipp-lemke.de\/#website"},"datePublished":"2019-11-10T14:40:35+00:00","dateModified":"2023-09-04T21:00:52+00:00","description":"Senior Consultant Checkmk & Salt | SaltStack Trainings | SaltStack Schulungen","breadcrumb":{"@id":"https:\/\/philipp-lemke.de\/?page_id=304#breadcrumb"},"inLanguage":"en-US","potentialAction":[{"@type":"ReadAction","target":["https:\/\/philipp-lemke.de\/?page_id=304"]}]},{"@type":"BreadcrumbList","@id":"https:\/\/philipp-lemke.de\/?page_id=304#breadcrumb","itemListElement":[{"@type":"ListItem","position":1,"name":"Home","item":"https:\/\/philipp-lemke.de\/"},{"@type":"ListItem","position":2,"name":"IT Beratung","item":"https:\/\/philipp-lemke.de\/"},{"@type":"ListItem","position":3,"name":"get_quote"}]},{"@type":"WebSite","@id":"https:\/\/philipp-lemke.de\/#website","url":"https:\/\/philipp-lemke.de\/","name":"PL Automation Monitoring","description":"Beratung checkmk saltstack robotmk robotframework","publisher":{"@id":"https:\/\/philipp-lemke.de\/#organization"},"potentialAction":[{"@type":"SearchAction","target":{"@type":"EntryPoint","urlTemplate":"https:\/\/philipp-lemke.de\/?s={search_term_string}"},"query-input":{"@type":"PropertyValueSpecification","valueRequired":true,"valueName":"search_term_string"}}],"inLanguage":"en-US"},{"@type":"Organization","@id":"https:\/\/philipp-lemke.de\/#organization","name":"PL Automation Monitoring","url":"https:\/\/philipp-lemke.de\/","logo":{"@type":"ImageObject","inLanguage":"en-US","@id":"https:\/\/philipp-lemke.de\/#\/schema\/logo\/image\/","url":"https:\/\/philipp-lemke.de\/wp-content\/uploads\/2019\/11\/transparent_background_118.png","contentUrl":"https:\/\/philipp-lemke.de\/wp-content\/uploads\/2019\/11\/transparent_background_118.png","width":886,"height":360,"caption":"PL Automation Monitoring"},"image":{"@id":"https:\/\/philipp-lemke.de\/#\/schema\/logo\/image\/"}}]}},"_links":{"self":[{"href":"https:\/\/philipp-lemke.de\/index.php?rest_route=\/wp\/v2\/pages\/304","targetHints":{"allow":["GET"]}}],"collection":[{"href":"https:\/\/philipp-lemke.de\/index.php?rest_route=\/wp\/v2\/pages"}],"about":[{"href":"https:\/\/philipp-lemke.de\/index.php?rest_route=\/wp\/v2\/types\/page"}],"author":[{"embeddable":true,"href":"https:\/\/philipp-lemke.de\/index.php?rest_route=\/wp\/v2\/users\/1"}],"replies":[{"embeddable":true,"href":"https:\/\/philipp-lemke.de\/index.php?rest_route=%2Fwp%2Fv2%2Fcomments&post=304"}],"version-history":[{"count":50,"href":"https:\/\/philipp-lemke.de\/index.php?rest_route=\/wp\/v2\/pages\/304\/revisions"}],"predecessor-version":[{"id":818,"href":"https:\/\/philipp-lemke.de\/index.php?rest_route=\/wp\/v2\/pages\/304\/revisions\/818"}],"up":[{"embeddable":true,"href":"https:\/\/philipp-lemke.de\/index.php?rest_route=\/wp\/v2\/pages\/206"}],"wp:attachment":[{"href":"https:\/\/philipp-lemke.de\/index.php?rest_route=%2Fwp%2Fv2%2Fmedia&parent=304"}],"curies":[{"name":"wp","href":"https:\/\/api.w.org\/{rel}","templated":true}]}}